{"id":10,"date":"2020-04-29T12:11:14","date_gmt":"2020-04-29T12:11:14","guid":{"rendered":"http:\/\/niedschule.de\/?page_id=10"},"modified":"2020-05-01T09:56:19","modified_gmt":"2020-05-01T07:56:19","slug":"freiwillige-ganztagsschule","status":"publish","type":"page","link":"https:\/\/niedschule.de\/?page_id=10","title":{"rendered":"Freiwillige Ganztagsschule"},"content":{"rendered":"<p><img loading=\"lazy\" decoding=\"async\" class=\"alignleft size-medium wp-image-115\" src=\"http:\/\/niedschule.de\/wp-content\/uploads\/2020\/05\/fgtslogo-300x232.jpg\" alt=\"\" width=\"300\" height=\"232\" srcset=\"https:\/\/niedschule.de\/wp-content\/uploads\/2020\/05\/fgtslogo-300x232.jpg 300w, https:\/\/niedschule.de\/wp-content\/uploads\/2020\/05\/fgtslogo.jpg 378w\" sizes=\"auto, (max-width: 300px) 100vw, 300px\" \/>Die seit 1999 bestehende \u201cBetreuende Grundschule\u201d nennt sich mit Beginn des Schuljahres 2002\/2003 \u201cFreiwillige Ganztagsschule\u201d. Tr\u00e4ger ist das DRK Saarlouis. Weitere Informationen zu den Leistungen des DRK finden Sie auf der Homepage des DRK Kreisverband Saarlouis e.V.<\/p>\n<p>Die Sch\u00fclerinnen und Sch\u00fcler werden betreut von einem p\u00e4dagogischen Team unter der Leitung von Sabine Feld. Die \u201cFreiwillige Ganztagsschule\u201d ist unter folgender Telefonnummer zu erreichen: <strong>06833\/1730017<\/strong>.<\/p>\n<p>Unsere Betreuungseinrichtung verf\u00fcgt \u00fcber einen Ruheraum mit Leseecke (nat\u00fcrlich mit vielen B\u00fcchern), einen Kreativraum, einen Spieleraum, einen Bewegungsraum und den Speisesaal mit K\u00fcche.<\/p>\n<p>Seit dem <strong>Schuljahr 2012\/2013<\/strong> gibt es\u00a0<strong>Gruppen mit <\/strong><\/p>\n<ul>\n<li style=\"list-style-type: none;\">\n<ul>\n<li><strong>\u201ckurzem Betreuungsangebot\u201d von 12:30 Uhr bis 15:00 Uhr <\/strong>und mit<\/li>\n<li><strong>\u201clangem Betreuungsangebot\u201d von 12:30 Uhr bis 17:00 Uhr<\/strong>.<\/li>\n<\/ul>\n<\/li>\n<\/ul>\n<p>&nbsp;<\/p>\n<p><span style=\"font-size: 1rem;\">Auch bei vorzeitigem Unterrichtsschluss, bei Ferienbeginn oder Zeugnisausgabe sind die angemeldeten Kinder in der Betreuung versorgt, die dann fr\u00fcher beginnt. Der Besuch der \u201cGruppe mit kurzem Betreuungsangebot\u201d kostet 36 Euro (Geschwisterkind 24 Euro) im Monat, der Besuch der \u201cGruppe mit langem Betreuungsangebot\u201d kostet 72 Euro (Geschwisterkind 48 Euro) im Monat. In diesen Betr\u00e4gen sind auch die Ferien enthalten. Falls gen\u00fcgend Pl\u00e4tze zur Verf\u00fcgung stehen, k\u00f6nnen auch Kinder der Grundschule, die nicht in der Betreuung angemeldet sind, die Ferienbetreuung in Anspruch nehmen. Diese zahlen dann pro Woche 30 Euro.<\/span><\/p>\n<p>Zus\u00e4tzlich gibt es unsere Fr\u00fchbetreuung in den R\u00e4umen der FGTS, die zu einem Preis von 25 Euro pro Monat gebucht werden kann. Die Fr\u00fchbetreuung beginnt um 07:00 Uhr.<\/p>\n<p>&nbsp;<\/p>\n<p>Die \u201cFreiwillige Ganztagsschule\u201d schlie\u00dft 26 Tage im Schuljahr, d.h. auch in gro\u00dfen Teilen der Ferien findet eine Betreuung der angemeldeten Kinder statt. Zus\u00e4tzlich steht dem Betreuungsteam ein p\u00e4dagogischer Tag und ein Kollegiumstag zur Verf\u00fcgung, an diesen Tagen ist die FGTS ebenfalls geschlossen.<\/p>\n<p>Die Schlie\u00dftage werden rechtzeitig am Schuljahresbeginn mitgeteilt.<\/p>\n<p>Der Ablauf des Nachmittages gestaltet sich folgenderma\u00dfen:<\/p>\n<ul>\n<li style=\"list-style-type: none;\">\n<ul>\n<li><strong>12:30 Uhr \/ 13:30 Uhr Mittagessen<\/strong>: Das Mittagessen wird von <strong>RETTEL\u2019S Party-Service Bistro<\/strong> geliefert und kostet pro Tag 3,70 Euro.<\/li>\n<li><strong>Ab 14:00 Uhr \u2013 15:00 Uhr Hausaufgabenbetreuung<\/strong>: In den R\u00e4umen der Schule findet die Hausaufgabenbetreuung durch Lehrkr\u00e4fte der Schule und p\u00e4dagogische Fachkr\u00e4fte der Betreuung statt.<\/li>\n<li><strong>15:00 Uhr: Ende der Nachmittagsbetreuung der Gruppe mit kurzem Betreuungsangebot<\/strong><\/li>\n<li><strong>Ab 15:00 Uhr: freie Spiel- und Ruhephasen f\u00fcr die Kinder <\/strong><\/li>\n<li><strong>Ab 15:30 Uhr: Freizeitprogramm<\/strong>: Die Erzieherinnen bieten den Kindern verschiedene Besch\u00e4ftigungsm\u00f6glichkeiten an. Ebenfalls werden in diesem Zeitrahmen Projekte durchgef\u00fchrt.<\/li>\n<\/ul>\n<\/li>\n<\/ul>\n<p>&nbsp;<\/p>\n<p>Die Erzieherinnen bieten im laufenden Schuljahr verschiedene Veranstaltungen an:<\/p>\n<ul>\n<li style=\"list-style-type: none;\">\n<ul>\n<li><strong>Elternabende und -nachmittage<\/strong><\/li>\n<li><strong>Bastelnachmittage<\/strong><\/li>\n<li><strong>Vorstellung von Projekten, z.B. Gl\u00fccksprojekt<\/strong><\/li>\n<li><strong>\u00dcbernachtung der 4. Schuljahre in der FGTS<\/strong><\/li>\n<\/ul>\n<\/li>\n<\/ul>\n<p>&nbsp;<\/p>\n<p>Sollten Sie Interesse am Betreuungsangebot der \u201cFreiwilligen Ganztagsschule\u201d haben, setzen Sie sich bitte mit der Leiterin, Frau Sabine Feld, in Verbindung. Es stehen uns insgesamt 100 Betreuungspl\u00e4tze zur Verf\u00fcgung. Sollten im Laufe des Schuljahres alle Pl\u00e4tze belegt sein, kommt Ihr Kind auf die Warteliste. Die Anmeldung f\u00fcr die \u201cFreiwillige Ganztagsschule\u201d erfolgt f\u00fcr jedes Schuljahr neu. Sie werden auch hier\u00fcber rechtzeitig informiert.<\/p>\n<p>Die FGTS der Niedschule Hemmersdorf arbeitet in Abstimmung mit der Schule nach einem p\u00e4dagogischen Konzept. Herausragender Punkt diese Konzeptes ist die Pers\u00f6nlichkeitsf\u00f6rderung, insbesondere Resilienzf\u00f6rderung.<\/p>\n","protected":false},"excerpt":{"rendered":"<p>Die seit 1999 bestehende \u201cBetreuende Grundschule\u201d nennt sich mit Beginn des Schuljahres 2002\/2003 \u201cFreiwillige Ganztagsschule\u201d. Tr\u00e4ger ist das DRK Saarlouis. Weitere Informationen zu den Leistungen des DRK finden Sie auf der Homepage des DRK Kreisverband Saarlouis e.V. Die Sch\u00fclerinnen und Sch\u00fcler werden betreut von einem p\u00e4dagogischen Team unter der Leitung von Sabine Feld. Die \u201cFreiwillige [&hellip;]<\/p>\n","protected":false},"author":1,"featured_media":0,"parent":0,"menu_order":0,"comment_status":"closed","ping_status":"closed","template":"","meta":{"footnotes":""},"class_list":["post-10","page","type-page","status-publish","hentry"],"_links":{"self":[{"href":"https:\/\/niedschule.de\/index.php?rest_route=\/wp\/v2\/pages\/10","targetHints":{"allow":["GET"]}}],"collection":[{"href":"https:\/\/niedschule.de\/index.php?rest_route=\/wp\/v2\/pages"}],"about":[{"href":"https:\/\/niedschule.de\/index.php?rest_route=\/wp\/v2\/types\/page"}],"author":[{"embeddable":true,"href":"https:\/\/niedschule.de\/index.php?rest_route=\/wp\/v2\/users\/1"}],"replies":[{"embeddable":true,"href":"https:\/\/niedschule.de\/index.php?rest_route=%2Fwp%2Fv2%2Fcomments&post=10"}],"version-history":[{"count":6,"href":"https:\/\/niedschule.de\/index.php?rest_route=\/wp\/v2\/pages\/10\/revisions"}],"predecessor-version":[{"id":120,"href":"https:\/\/niedschule.de\/index.php?rest_route=\/wp\/v2\/pages\/10\/revisions\/120"}],"wp:attachment":[{"href":"https:\/\/niedschule.de\/index.php?rest_route=%2Fwp%2Fv2%2Fmedia&parent=10"}],"curies":[{"name":"wp","href":"https:\/\/api.w.org\/{rel}","templated":true}]}}